{"id":1818,"date":"2025-09-09T20:44:33","date_gmt":"2025-09-09T20:44:33","guid":{"rendered":"https:\/\/fincalafloracion.es\/?post_type=tribe_events&#038;p=1818"},"modified":"2025-09-09T20:57:49","modified_gmt":"2025-09-09T20:57:49","slug":"taller-de-mascaras-con-palmera-halloween","status":"publish","type":"tribe_events","link":"https:\/\/fincalafloracion.es\/en\/evento\/taller-de-mascaras-con-palmera-halloween\/","title":{"rendered":"Taller de Mascaras con Palmera &#8211; Halloween"},"content":{"rendered":"<p>TALLER DE M\u00c1SCARAS EN LA FINCA LA FLORACI\u00d3N \u00b7 CIEZA<\/p>\n<p>En plena naturaleza y paisajes de ensue\u00f1o, te invitamos a una experiencia creativa y sensorial para todas las edades.<\/p>\n<p>Crearemos m\u00e1scaras naturales y originales con palmeras, ese s\u00edmbolo sagrado del Valle del Ricote y de todo el Mediterr\u00e1neo. (incluimos materiales)<\/p>\n<p>Un encuentro para honrar la tradici\u00f3n, reconectar con nuestras ra\u00edces y jugar con materiales vivos. Ideal para familias, adultos curiosos, profes, artistas y amantes de la tierra.<\/p>\n<p>Te llevaras tu mascara a casa y podr\u00e1s disfrutarla en Halloween, Carnavales, Decoraci\u00f3n, para tu cole, juegos y mas.<\/p>\n<p>Y al terminar\u2026 te invitamos a un almuerzo sabroso y compartido para recargar fuerzas y seguir celebrando la creatividad.<\/p>\n<p>Incluye: Mermelada artesanal de nuestra finca, embutidos con pan casero y zumo natural.<\/p>\n<p>Fecha: 18 de octubre<br \/>\nHora: De 10:00 a 13:00<\/p>\n<p>Precio: 35\u202f\u20ac\/persona con almuerzo incluido<\/p>\n<p>Lugar: Finca la Floraci\u00f3n, Paraje El Elipe, 104, Cieza (Murcia)<br \/>\nInscripciones: www.fincalafloracion.es<br \/>\nMas info: 613 66 63 98 \/ 696 75 72 69<br \/>\nEdades: De 6 a 105 a\u00f1os<br \/>\nPlazas limitadas<\/p>\n<p>Te esperamos entre palmas, semillas, risas y tierra viva.<\/p>\n<p>#TallerDeM\u00e1scaras #Cieza #LaFloraci\u00f3n #PalmerasCreativas #ValleDelRicote #Artesan\u00edaMediterr\u00e1nea #Silvanelle #Hopeel #SostenibilidadCreativa #Biocreaciones #TalleresFamiliares #Educaci\u00f3nArt\u00edstica #Mediterr\u00e1neoVivo #turismo #turismocieza #Creatividad #Experiencias<\/p>\n","protected":false},"excerpt":{"rendered":"<p>TALLER DE M\u00c1SCARAS EN LA FINCA LA FLORACI\u00d3N \u00b7 CIEZA En plena naturaleza y paisajes de ensue\u00f1o, te invitamos a una experiencia creativa y sensorial para todas las edades. Crearemos [&hellip;]<\/p>\n","protected":false},"author":1,"featured_media":1819,"comment_status":"closed","ping_status":"closed","template":"","meta":{"_tribe_events_status":"","_tribe_events_status_reason":"","footnotes":""},"tags":[53,58,55,54,51,50,57,52,49,56],"tribe_events_cat":[],"class_list":["post-1818","tribe_events","type-tribe_events","status-publish","has-post-thumbnail","hentry","tag-cieza","tag-experiencias","tag-finca-la-floracion","tag-fincalafloracion","tag-halloween","tag-mascaras","tag-ninos","tag-palmeras","tag-taller","tag-taller-de-mascaras"],"_links":{"self":[{"href":"https:\/\/fincalafloracion.es\/en\/wp-json\/wp\/v2\/tribe_events\/1818","targetHints":{"allow":["GET"]}}],"collection":[{"href":"https:\/\/fincalafloracion.es\/en\/wp-json\/wp\/v2\/tribe_events"}],"about":[{"href":"https:\/\/fincalafloracion.es\/en\/wp-json\/wp\/v2\/types\/tribe_events"}],"author":[{"embeddable":true,"href":"https:\/\/fincalafloracion.es\/en\/wp-json\/wp\/v2\/users\/1"}],"replies":[{"embeddable":true,"href":"https:\/\/fincalafloracion.es\/en\/wp-json\/wp\/v2\/comments?post=1818"}],"version-history":[{"count":1,"href":"https:\/\/fincalafloracion.es\/en\/wp-json\/wp\/v2\/tribe_events\/1818\/revisions"}],"predecessor-version":[{"id":1820,"href":"https:\/\/fincalafloracion.es\/en\/wp-json\/wp\/v2\/tribe_events\/1818\/revisions\/1820"}],"wp:featuredmedia":[{"embeddable":true,"href":"https:\/\/fincalafloracion.es\/en\/wp-json\/wp\/v2\/media\/1819"}],"wp:attachment":[{"href":"https:\/\/fincalafloracion.es\/en\/wp-json\/wp\/v2\/media?parent=1818"}],"wp:term":[{"taxonomy":"post_tag","embeddable":true,"href":"https:\/\/fincalafloracion.es\/en\/wp-json\/wp\/v2\/tags?post=1818"},{"taxonomy":"tribe_events_cat","embeddable":true,"href":"https:\/\/fincalafloracion.es\/en\/wp-json\/wp\/v2\/tribe_events_cat?post=1818"}],"curies":[{"name":"wp","href":"https:\/\/api.w.org\/{rel}","templated":true}]}}

<p>TALLER DE MÁSCARAS EN LA FINCA LA FLORACIÓN · CIEZA</p>
<p>En plena naturaleza y paisajes de ensueño, te invitamos a una experiencia creativa y sensorial para todas las edades.</p>
<p>Crearemos máscaras naturales y originales con palmeras, ese símbolo sagrado del Valle del Ricote y de todo el Mediterráneo. (incluimos materiales)</p>
<p>Un encuentro para honrar la tradición, reconectar con nuestras raíces y jugar con materiales vivos. Ideal para familias, adultos curiosos, profes, artistas y amantes de la tierra.</p>
<p>Te llevaras tu mascara a casa y podrás disfrutarla en Halloween, Carnavales, Decoración, para tu cole, juegos y mas.</p>
<p>Y al terminar… te invitamos a un almuerzo sabroso y compartido para recargar fuerzas y seguir celebrando la creatividad.</p>
<p>Incluye: Mermelada artesanal de nuestra finca, embutidos con pan casero y zumo natural.</p>
<p>Fecha: 18 de octubre<br />
Hora: De 10:00 a 13:00</p>
<p>Precio: 35 €/persona con almuerzo incluido</p>
<p>Lugar: Finca la Floración, Paraje El Elipe, 104, Cieza (Murcia)<br />
Inscripciones: www.fincalafloracion.es<br />
Mas info: 613 66 63 98 / 696 75 72 69<br />
Edades: De 6 a 105 años<br />
Plazas limitadas</p>
<p>Te esperamos entre palmas, semillas, risas y tierra viva.</p>
<p>#TallerDeMáscaras #Cieza #LaFloración #PalmerasCreativas #ValleDelRicote #ArtesaníaMediterránea #Silvanelle #Hopeel #SostenibilidadCreativa #Biocreaciones #TalleresFamiliares #EducaciónArtística #MediterráneoVivo #turismo #turismocieza #Creatividad #Experiencias</p>

<p>TALLER DE MÁSCARAS EN LA FINCA LA FLORACIÓN · CIEZA En plena naturaleza y paisajes de ensueño, te invitamos a una experiencia creativa y sensorial para todas las edades. Crearemos [&hellip;]</p>
