{"id":1812,"date":"2025-09-03T01:44:01","date_gmt":"2025-09-03T01:44:01","guid":{"rendered":"https:\/\/fincalafloracion.es\/?post_type=tribe_events&#038;p=1812"},"modified":"2025-11-04T14:22:38","modified_gmt":"2025-11-04T14:22:38","slug":"crea-en-nuestro-taller-pendientes-arcilla-polimerica","status":"publish","type":"tribe_events","link":"https:\/\/fincalafloracion.es\/en\/evento\/crea-en-nuestro-taller-pendientes-arcilla-polimerica\/","title":{"rendered":"Crea en nuestro Taller Pendientes Arcilla Polim\u00e9rica"},"content":{"rendered":"<h3 data-start=\"120\" data-end=\"168\">Taller de Pendientes en Arcilla Polim\u00e9rica<\/h3>\n<p data-start=\"170\" data-end=\"388\">En <strong data-start=\"173\" data-end=\"195\">Finca La Floraci\u00f3n<\/strong> te invitamos a vivir una experiencia creativa y diferente: un <strong data-start=\"258\" data-end=\"305\">taller de pendientes con arcilla polim\u00e9rica<\/strong>, donde podr\u00e1s dise\u00f1ar tus propias piezas \u00fanicas, llenas de color y personalidad.<\/p>\n<p data-start=\"390\" data-end=\"853\">La <strong data-start=\"393\" data-end=\"415\">arcilla polim\u00e9rica<\/strong> es un material vers\u00e1til que permite jugar con formas, texturas y colores infinitos. Durante el taller aprender\u00e1s paso a paso c\u00f3mo modelar, cortar, hornear y montar tus pendientes para que queden listos y profesionales. No necesitas experiencia previa: nuestra propuesta est\u00e1 pensada para que cualquier persona, tanto si ya disfruta del mundo de la artesan\u00eda como si nunca lo ha probado, pueda crear algo especial con sus propias manos.<\/p>\n<p data-start=\"855\" data-end=\"1046\">Adem\u00e1s de aprender una t\u00e9cnica artesanal divertida y relajante, disfrutar\u00e1s del ambiente acogedor de nuestra finca, rodeada de naturaleza, y compartir\u00e1s un rato agradable en buena compa\u00f1\u00eda.<\/p>\n<p data-start=\"1048\" data-end=\"1174\">\ud83d\udcc5 <strong data-start=\"1051\" data-end=\"1062\">Cu\u00e1ndo:<\/strong> S\u00e1bado 29 de noviembre 2025<br data-start=\"1083\" data-end=\"1086\" \/>\ud83d\udd59 <strong data-start=\"1089\" data-end=\"1101\">Horario:<\/strong> de 10:00 a 12:00 h<br data-start=\"1120\" data-end=\"1123\" \/>\ud83d\udccd <strong data-start=\"1126\" data-end=\"1136\">D\u00f3nde:<\/strong> Finca La Floraci\u00f3n \u2013 Cieza (Murcia)<\/p>\n<p data-start=\"1176\" data-end=\"1208\">\ud83d\udcb0 <strong data-start=\"1179\" data-end=\"1195\">Precio: 22 \u20ac<\/strong><br data-start=\"1195\" data-end=\"1198\" \/>Incluye:<\/p>\n<ul data-start=\"1209\" data-end=\"1452\">\n<li data-start=\"1209\" data-end=\"1267\">\n<p data-start=\"1211\" data-end=\"1267\">Todos los <strong data-start=\"1221\" data-end=\"1235\">materiales<\/strong> y <strong data-start=\"1238\" data-end=\"1254\">herramientas<\/strong> necesarios<\/p>\n<\/li>\n<li data-start=\"1268\" data-end=\"1317\">\n<p data-start=\"1270\" data-end=\"1317\">Acompa\u00f1amiento y gu\u00eda durante todo el proceso<\/p>\n<\/li>\n<li data-start=\"1318\" data-end=\"1372\">\n<p data-start=\"1320\" data-end=\"1372\">Una <strong data-start=\"1324\" data-end=\"1348\">merienda tradicional<\/strong> para reponer energ\u00edas<\/p>\n<\/li>\n<li data-start=\"1373\" data-end=\"1452\">\n<p data-start=\"1375\" data-end=\"1452\">Tus pendientes terminados, listos para llevar a casa y lucirlos con orgullo<\/p>\n<\/li>\n<\/ul>\n<p data-start=\"1454\" data-end=\"1477\">\u2728 Lo que te llevar\u00e1s:<\/p>\n<ul data-start=\"1478\" data-end=\"1667\">\n<li data-start=\"1478\" data-end=\"1524\">\n<p data-start=\"1480\" data-end=\"1524\">Un par de pendientes \u00fanicos creados por ti<\/p>\n<\/li>\n<li data-start=\"1525\" data-end=\"1592\">\n<p data-start=\"1527\" data-end=\"1592\">Nuevas habilidades para seguir explorando la arcilla polim\u00e9rica<\/p>\n<\/li>\n<li data-start=\"1593\" data-end=\"1667\">\n<p data-start=\"1595\" data-end=\"1667\">Una experiencia creativa que combina artesan\u00eda, naturaleza y tradici\u00f3n<\/p>\n<\/li>\n<\/ul>\n<p data-start=\"1669\" data-end=\"1886\">\ud83d\udc49 Las plazas son limitadas, por lo que te recomendamos reservar cuanto antes. Puedes hacerlo a trav\u00e9s de nuestra web <a class=\"decorated-link cursor-pointer\" target=\"_new\" rel=\"noopener\" data-start=\"1787\" data-end=\"1844\">www.fincalafloracion.es<\/a> o llamando\/WhatsApp al <strong data-start=\"1868\" data-end=\"1883\">613 666 398<\/strong>.<\/p>\n<p data-start=\"1888\" data-end=\"2006\">Ven a desconectar, a experimentar con tus manos y a darle forma a tu creatividad en un entorno lleno de inspiraci\u00f3n.<\/p>\n<p data-start=\"1888\" data-end=\"2006\">Taller impartido por Pilar Hort\u00faa. Instagram: @pilartspain<\/p>\n","protected":false},"excerpt":{"rendered":"<p>Taller de Pendientes en Arcilla Polim\u00e9rica En Finca La Floraci\u00f3n te invitamos a vivir una experiencia creativa y diferente: un taller de pendientes con arcilla polim\u00e9rica, donde podr\u00e1s dise\u00f1ar tus [&hellip;]<\/p>\n","protected":false},"author":1,"featured_media":1831,"comment_status":"closed","ping_status":"closed","template":"","meta":{"_tribe_events_status":"","_tribe_events_status_reason":"","footnotes":""},"tags":[],"tribe_events_cat":[],"class_list":["post-1812","tribe_events","type-tribe_events","status-publish","has-post-thumbnail","hentry"],"_links":{"self":[{"href":"https:\/\/fincalafloracion.es\/en\/wp-json\/wp\/v2\/tribe_events\/1812","targetHints":{"allow":["GET"]}}],"collection":[{"href":"https:\/\/fincalafloracion.es\/en\/wp-json\/wp\/v2\/tribe_events"}],"about":[{"href":"https:\/\/fincalafloracion.es\/en\/wp-json\/wp\/v2\/types\/tribe_events"}],"author":[{"embeddable":true,"href":"https:\/\/fincalafloracion.es\/en\/wp-json\/wp\/v2\/users\/1"}],"replies":[{"embeddable":true,"href":"https:\/\/fincalafloracion.es\/en\/wp-json\/wp\/v2\/comments?post=1812"}],"version-history":[{"count":5,"href":"https:\/\/fincalafloracion.es\/en\/wp-json\/wp\/v2\/tribe_events\/1812\/revisions"}],"predecessor-version":[{"id":1832,"href":"https:\/\/fincalafloracion.es\/en\/wp-json\/wp\/v2\/tribe_events\/1812\/revisions\/1832"}],"wp:featuredmedia":[{"embeddable":true,"href":"https:\/\/fincalafloracion.es\/en\/wp-json\/wp\/v2\/media\/1831"}],"wp:attachment":[{"href":"https:\/\/fincalafloracion.es\/en\/wp-json\/wp\/v2\/media?parent=1812"}],"wp:term":[{"taxonomy":"post_tag","embeddable":true,"href":"https:\/\/fincalafloracion.es\/en\/wp-json\/wp\/v2\/tags?post=1812"},{"taxonomy":"tribe_events_cat","embeddable":true,"href":"https:\/\/fincalafloracion.es\/en\/wp-json\/wp\/v2\/tribe_events_cat?post=1812"}],"curies":[{"name":"wp","href":"https:\/\/api.w.org\/{rel}","templated":true}]}}

Crea en nuestro Taller Pendientes Arcilla Polimérica

<h3 data-start="120" data-end="168">Taller de Pendientes en Arcilla Polimérica</h3>
<p data-start="170" data-end="388">En <strong data-start="173" data-end="195">Finca La Floración</strong> te invitamos a vivir una experiencia creativa y diferente: un <strong data-start="258" data-end="305">taller de pendientes con arcilla polimérica</strong>, donde podrás diseñar tus propias piezas únicas, llenas de color y personalidad.</p>
<p data-start="390" data-end="853">La <strong data-start="393" data-end="415">arcilla polimérica</strong> es un material versátil que permite jugar con formas, texturas y colores infinitos. Durante el taller aprenderás paso a paso cómo modelar, cortar, hornear y montar tus pendientes para que queden listos y profesionales. No necesitas experiencia previa: nuestra propuesta está pensada para que cualquier persona, tanto si ya disfruta del mundo de la artesanía como si nunca lo ha probado, pueda crear algo especial con sus propias manos.</p>
<p data-start="855" data-end="1046">Además de aprender una técnica artesanal divertida y relajante, disfrutarás del ambiente acogedor de nuestra finca, rodeada de naturaleza, y compartirás un rato agradable en buena compañía.</p>
<p data-start="1048" data-end="1174">📅 <strong data-start="1051" data-end="1062">Cuándo:</strong> Sábado 29 de noviembre 2025<br data-start="1083" data-end="1086" />🕙 <strong data-start="1089" data-end="1101">Horario:</strong> de 10:00 a 12:00 h<br data-start="1120" data-end="1123" />📍 <strong data-start="1126" data-end="1136">Dónde:</strong> Finca La Floración – Cieza (Murcia)</p>
<p data-start="1176" data-end="1208">💰 <strong data-start="1179" data-end="1195">Precio: 22 €</strong><br data-start="1195" data-end="1198" />Incluye:</p>
<ul data-start="1209" data-end="1452">
<li data-start="1209" data-end="1267">
<p data-start="1211" data-end="1267">Todos los <strong data-start="1221" data-end="1235">materiales</strong> y <strong data-start="1238" data-end="1254">herramientas</strong> necesarios</p>
</li>
<li data-start="1268" data-end="1317">
<p data-start="1270" data-end="1317">Acompañamiento y guía durante todo el proceso</p>
</li>
<li data-start="1318" data-end="1372">
<p data-start="1320" data-end="1372">Una <strong data-start="1324" data-end="1348">merienda tradicional</strong> para reponer energías</p>
</li>
<li data-start="1373" data-end="1452">
<p data-start="1375" data-end="1452">Tus pendientes terminados, listos para llevar a casa y lucirlos con orgullo</p>
</li>
</ul>
<p data-start="1454" data-end="1477">✨ Lo que te llevarás:</p>
<ul data-start="1478" data-end="1667">
<li data-start="1478" data-end="1524">
<p data-start="1480" data-end="1524">Un par de pendientes únicos creados por ti</p>
</li>
<li data-start="1525" data-end="1592">
<p data-start="1527" data-end="1592">Nuevas habilidades para seguir explorando la arcilla polimérica</p>
</li>
<li data-start="1593" data-end="1667">
<p data-start="1595" data-end="1667">Una experiencia creativa que combina artesanía, naturaleza y tradición</p>
</li>
</ul>
<p data-start="1669" data-end="1886">👉 Las plazas son limitadas, por lo que te recomendamos reservar cuanto antes. Puedes hacerlo a través de nuestra web <a class="decorated-link cursor-pointer" target="_new" rel="noopener" data-start="1787" data-end="1844">www.fincalafloracion.es</a> o llamando/WhatsApp al <strong data-start="1868" data-end="1883">613 666 398</strong>.</p>
<p data-start="1888" data-end="2006">Ven a desconectar, a experimentar con tus manos y a darle forma a tu creatividad en un entorno lleno de inspiración.</p>
<p data-start="1888" data-end="2006">Taller impartido por Pilar Hortúa. Instagram: @pilartspain</p>

<p>Taller de Pendientes en Arcilla Polimérica En Finca La Floración te invitamos a vivir una experiencia creativa y diferente: un taller de pendientes con arcilla polimérica, donde podrás diseñar tus [&hellip;]</p>
