{"id":1575,"date":"2024-12-06T09:06:17","date_gmt":"2024-12-06T09:06:17","guid":{"rendered":"https:\/\/fincalafloracion.es\/?post_type=tribe_events&#038;p=1575"},"modified":"2025-11-05T12:13:07","modified_gmt":"2025-11-05T12:13:07","slug":"descubre-el-otono-en-cieza","status":"publish","type":"tribe_events","link":"https:\/\/fincalafloracion.es\/en\/evento\/descubre-el-otono-en-cieza\/","title":{"rendered":"Descubre el Oto\u00f1o en Cieza"},"content":{"rendered":"<p>\u00bfListo para una experiencia aut\u00e9ntica en plena naturaleza? DEL 13 DE NOVIEMBRE AL 14 DE DICIEMBRE Puedes programar tu visita.<\/p>\n<p><strong>Descubrir la belleza visual del Oto\u00f1o en Cieza <\/strong>gracias a <strong>un gu\u00eda local biling\u00fce que les mostrar\u00e1 los mejores parajes y miradores <\/strong>para disfrutar del espect\u00e1culo visual que genera el carmes\u00ed de las hojas de los melocotoneros, el oro de la nectarina o el ocre de los albaricoqueros durante el mes de noviembre.<\/p>\n<p>La actividad agrotur\u00edstica comenzar\u00e1 en la Finca La Floraci\u00f3n donde podr\u00e1n disfrutar de un <strong>almuerzo campero de gastronom\u00eda local <\/strong>saboreando embutidos y quesos caseros, olivas de Cieza, mermelada artesanal de melocot\u00f3n con pan casero, zumo natural, vino local y caf\u00e9 tradicional de puchero.<\/p>\n<p>A continuaci\u00f3n, podr\u00e1n visitar el <strong>Centro de Interpretaci\u00f3n del Melocot\u00f3n de Cieza, <\/strong>ubicado en el Paraje El Elipe de Cieza, en el que conocer\u00e1 la evoluci\u00f3n de este producto en una finca t\u00edpica con melocotoneros tradicionales con <strong>paneles explicativos, v\u00eddeos y una m\u00e1quina calibradora de principios de los a\u00f1os noventa.<\/strong><\/p>\n<p><strong>\u00a0<\/strong>El Centro de Interpretaci\u00f3n acoge tambi\u00e9n el <strong>Centro de Interpretaci\u00f3n Itinerante Espa\u00f1a en Floraci\u00f3n <\/strong>en que en diferentes soportes se explican los diferentes tipos de floraciones del pa\u00eds con sus singularidades, entre las que se encuentra la de Cieza, en una iniciativa enmarcada dentro del proyecto agrotur\u00edstico nacional <strong>Experiencia Espa\u00f1a en Floraci\u00f3n <\/strong>(<a href=\"http:\/\/www.floracion.es\/\" target=\"_blank\" rel=\"noopener\"><u>www.floracion.es<\/u><\/a>), seleccionado por el Ministerio de Industria y Turismo como una de las experiencias m\u00e1s innovadoras del pa\u00eds.<\/p>\n<p>Tambi\u00e9n podr\u00e1n conocer nuestra <strong>tienda de artesan\u00edas y Huerta Metro 0 <\/strong>ense\u00f1\u00e1ndoles c\u00f3mo gestionamos el cultivo y los residuos en la Finca que nos ha permitido ser finalistas de los <a href=\"https:\/\/fincalafloracion.es\/reconocen-a-finca-la-floracion-como-finalista-de-los-premios-fiturnext-2025-a-la-sostenibilidad-alimentaria-en-turismo\/\"><u>Premios de Sostenibilidad Alimentaria en Turismo en la pasada edici\u00f3n de FITUR.<\/u><\/a> En concreto, le explicaremos a pie de campo de la mano de un agricultor local como se hace la t\u00e9cnica de la poda tradicional para que los \u00e1rboles den sus mejores frutos.<\/p>\n<p>A continuaci\u00f3n, acompa\u00f1ados de nuestro gu\u00eda local, podr\u00e1n visitar los diferentes parajes y miradores en los que la belleza de los colores de los frutales convierten el oto\u00f1o en Cieza en un espect\u00e1culo \u00fanico.<\/p>\n<p><strong>Programa<\/strong>:<\/p>\n<ul>\n<li>11:00 horas: Salida desde Cieza (Estaci\u00f3n de Servicio BP de Avenida de la Industria S\/N)<\/li>\n<li>15-12.00 horas: Almuerzo campero con degustaci\u00f3n de la gastronom\u00eda local con embutidos y quesos caseros, olivas de Cieza, mermelada artesanal de la Finca de melocot\u00f3n con pan casero, zumo natural y caf\u00e9 tradicional de puchero.<\/li>\n<li>00-12:30 horas: Demostraci\u00f3n de t\u00e9cnica de poda de frutales con visita al Centro de Interpretaci\u00f3n del Melocot\u00f3n de Cieza y al Centro Itinerante de Espa\u00f1a en Floraci\u00f3n.<\/li>\n<li>12:30-14:00 horas: Visita a los mejores parajes y miradores para disfrutar de la belleza visual del Oto\u00f1o en Cieza.<\/li>\n<\/ul>\n<p>*Incluye: Gu\u00eda especializado . Almuerzo campero . Visita al Centro de Interpretaci\u00f3n del Melocot\u00f3n de Cieza y al Centro de Interpretaci\u00f3n Itinerante Espa\u00f1a en Floraci\u00f3n . Visita guiada a los parajes y miradores para disfrutar del oto\u00f1o en Cieza . Regalo . Seguros.<\/p>\n<p>&nbsp;<\/p>\n<p><strong>Precio<\/strong>:<\/p>\n<p>15 euros (12 euros para grupos de m\u00e1s de 15 personas) 7 euros (menores entre 10 y 7 a\u00f1os)<\/p>\n<p>Gratis menores de 5 a\u00f1os<\/p>\n<p>&nbsp;<\/p>\n<p><strong>Informaci\u00f3n y reservas:<\/strong><\/p>\n<p><strong>\u00a0<\/strong>666500594 &#8211; 613666398<\/p>\n<h4><strong>RESERVA TU PLAZA<\/strong><\/h4>\n<p style=\"text-align: center;\"><div class=\"wpforms-container wpforms-container-full wpforms-render-modern\" id=\"wpforms-1581\"><form id=\"wpforms-form-1581\" class=\"wpforms-validate wpforms-form wpforms-ajax-form\" data-formid=\"1581\" method=\"post\" enctype=\"multipart\/form-data\" action=\"\/en\/wp-json\/wp\/v2\/tribe_events\/1575\" data-token=\"a81857dde016f0b66ac3e9bed701c993\" data-token-time=\"1777711299\"><noscript class=\"wpforms-error-noscript\">Please enable JavaScript in your browser to complete this form.<\/noscript><div class=\"wpforms-hidden\" id=\"wpforms-error-noscript\">Please enable JavaScript in your browser to complete this form.<\/div><div class=\"wpforms-field-container\"><div id=\"wpforms-1581-field_1-container\" class=\"wpforms-field wpforms-field-name\" data-field-id=\"1\"><fieldset><legend class=\"wpforms-field-label\">Nombre <span class=\"wpforms-required-label\" aria-hidden=\"true\">*<\/span><\/legend><div class=\"wpforms-field-row wpforms-field-medium\"><div class=\"wpforms-field-row-block wpforms-first wpforms-one-half\"><input type=\"text\" id=\"wpforms-1581-field_1\" class=\"wpforms-field-name-first wpforms-field-required\" name=\"wpforms[fields][1][first]\" aria-errormessage=\"wpforms-1581-field_1-error\" required><label for=\"wpforms-1581-field_1\" class=\"wpforms-field-sublabel after\">First<\/label><\/div><div class=\"wpforms-field-row-block wpforms-one-half\"><input type=\"text\" id=\"wpforms-1581-field_1-last\" class=\"wpforms-field-name-last wpforms-field-required\" name=\"wpforms[fields][1][last]\" aria-errormessage=\"wpforms-1581-field_1-last-error\" required><label for=\"wpforms-1581-field_1-last\" class=\"wpforms-field-sublabel after\">Last<\/label><\/div><\/div><\/fieldset><\/div><div id=\"wpforms-1581-field_4-container\" class=\"wpforms-field wpforms-field-select wpforms-field-select-style-classic\" data-field-id=\"4\"><label class=\"wpforms-field-label\" for=\"wpforms-1581-field_4\">Actividad <span class=\"wpforms-required-label\" aria-hidden=\"true\">*<\/span><\/label><select id=\"wpforms-1581-field_4\" class=\"wpforms-field-medium wpforms-field-required\" name=\"wpforms[fields][4]\" required=\"required\"><option value=\"Descubre el Oto\u00f1o en Cieza\" >Descubre el Oto\u00f1o en Cieza<\/option><option value=\"Finca la Floraci\u00f3n bajo las estrellas\" >Finca la Floraci\u00f3n bajo las estrellas<\/option><option value=\"Melocoturismo\" >Melocoturismo<\/option><option value=\"Taller de Joyeria en arcilla polimerica\" >Taller de Joyeria en arcilla polimerica<\/option><\/select><\/div><div id=\"wpforms-1581-field_2-container\" class=\"wpforms-field wpforms-field-email\" data-field-id=\"2\"><label class=\"wpforms-field-label\" for=\"wpforms-1581-field_2\">Correo electr\u00f3nico <span class=\"wpforms-required-label\" aria-hidden=\"true\">*<\/span><\/label><input type=\"email\" id=\"wpforms-1581-field_2\" class=\"wpforms-field-medium wpforms-field-required\" name=\"wpforms[fields][2]\" spellcheck=\"false\" aria-errormessage=\"wpforms-1581-field_2-error\" required><\/div><div id=\"wpforms-1581-field_3-container\" class=\"wpforms-field wpforms-field-textarea\" data-field-id=\"3\"><label class=\"wpforms-field-label\" for=\"wpforms-1581-field_3\">Comentario o mensaje<\/label><textarea id=\"wpforms-1581-field_3\" class=\"wpforms-field-medium\" name=\"wpforms[fields][3]\" aria-errormessage=\"wpforms-1581-field_3-error\" ><\/textarea><\/div><\/div><!-- .wpforms-field-container --><div class=\"wpforms-submit-container\" ><input type=\"hidden\" name=\"wpforms[id]\" value=\"1581\"><input type=\"hidden\" name=\"page_title\" value=\"\"><input type=\"hidden\" name=\"page_url\" value=\"https:\/\/fincalafloracion.es\/en\/wp-json\/wp\/v2\/tribe_events\/1575\"><input type=\"hidden\" name=\"url_referer\" value=\"\"><button type=\"submit\" name=\"wpforms[submit]\" id=\"wpforms-submit-1581\" class=\"wpforms-submit\" data-alt-text=\"Enviando...\" data-submit-text=\"Enviar\" aria-live=\"assertive\" value=\"wpforms-submit\">Enviar<\/button><img decoding=\"async\" src=\"https:\/\/fincalafloracion.es\/wp-content\/plugins\/wpforms-lite\/assets\/images\/submit-spin.svg\" class=\"wpforms-submit-spinner\" style=\"display: none;\" width=\"26\" height=\"26\" alt=\"Loading\"><\/div><\/form><\/div>  <!-- .wpforms-container --><\/p>\n","protected":false},"excerpt":{"rendered":"<p>\u00bfListo para una experiencia aut\u00e9ntica en plena naturaleza? DEL 13 DE NOVIEMBRE AL 14 DE DICIEMBRE Puedes programar tu visita. Descubrir la belleza visual del Oto\u00f1o en Cieza gracias a [&hellip;]<\/p>\n","protected":false},"author":1,"featured_media":1833,"comment_status":"closed","ping_status":"closed","template":"","meta":{"_tribe_events_status":"","_tribe_events_status_reason":"","footnotes":""},"tags":[44,58,32,33,35,45,42,34],"tribe_events_cat":[59],"class_list":["post-1575","tribe_events","type-tribe_events","status-publish","has-post-thumbnail","hentry","tag-actividades-naturaleza","tag-experiencias","tag-finca-agroturistica","tag-floracion","tag-naturaleza","tag-otono-en-cieza","tag-sostenibilidad-turistica","tag-turismo","tribe_events_cat-rutas","cat_rutas"],"_links":{"self":[{"href":"https:\/\/fincalafloracion.es\/en\/wp-json\/wp\/v2\/tribe_events\/1575","targetHints":{"allow":["GET"]}}],"collection":[{"href":"https:\/\/fincalafloracion.es\/en\/wp-json\/wp\/v2\/tribe_events"}],"about":[{"href":"https:\/\/fincalafloracion.es\/en\/wp-json\/wp\/v2\/types\/tribe_events"}],"author":[{"embeddable":true,"href":"https:\/\/fincalafloracion.es\/en\/wp-json\/wp\/v2\/users\/1"}],"replies":[{"embeddable":true,"href":"https:\/\/fincalafloracion.es\/en\/wp-json\/wp\/v2\/comments?post=1575"}],"version-history":[{"count":10,"href":"https:\/\/fincalafloracion.es\/en\/wp-json\/wp\/v2\/tribe_events\/1575\/revisions"}],"predecessor-version":[{"id":1836,"href":"https:\/\/fincalafloracion.es\/en\/wp-json\/wp\/v2\/tribe_events\/1575\/revisions\/1836"}],"wp:featuredmedia":[{"embeddable":true,"href":"https:\/\/fincalafloracion.es\/en\/wp-json\/wp\/v2\/media\/1833"}],"wp:attachment":[{"href":"https:\/\/fincalafloracion.es\/en\/wp-json\/wp\/v2\/media?parent=1575"}],"wp:term":[{"taxonomy":"post_tag","embeddable":true,"href":"https:\/\/fincalafloracion.es\/en\/wp-json\/wp\/v2\/tags?post=1575"},{"taxonomy":"tribe_events_cat","embeddable":true,"href":"https:\/\/fincalafloracion.es\/en\/wp-json\/wp\/v2\/tribe_events_cat?post=1575"}],"curies":[{"name":"wp","href":"https:\/\/api.w.org\/{rel}","templated":true}]}}

Descubre el Otoño en Cieza

<p>¿Listo para una experiencia auténtica en plena naturaleza? DEL 13 DE NOVIEMBRE AL 14 DE DICIEMBRE Puedes programar tu visita.</p>
<p><strong>Descubrir la belleza visual del Otoño en Cieza </strong>gracias a <strong>un guía local bilingüe que les mostrará los mejores parajes y miradores </strong>para disfrutar del espectáculo visual que genera el carmesí de las hojas de los melocotoneros, el oro de la nectarina o el ocre de los albaricoqueros durante el mes de noviembre.</p>
<p>La actividad agroturística comenzará en la Finca La Floración donde podrán disfrutar de un <strong>almuerzo campero de gastronomía local </strong>saboreando embutidos y quesos caseros, olivas de Cieza, mermelada artesanal de melocotón con pan casero, zumo natural, vino local y café tradicional de puchero.</p>
<p>A continuación, podrán visitar el <strong>Centro de Interpretación del Melocotón de Cieza, </strong>ubicado en el Paraje El Elipe de Cieza, en el que conocerá la evolución de este producto en una finca típica con melocotoneros tradicionales con <strong>paneles explicativos, vídeos y una máquina calibradora de principios de los años noventa.</strong></p>
<p><strong> </strong>El Centro de Interpretación acoge también el <strong>Centro de Interpretación Itinerante España en Floración </strong>en que en diferentes soportes se explican los diferentes tipos de floraciones del país con sus singularidades, entre las que se encuentra la de Cieza, en una iniciativa enmarcada dentro del proyecto agroturístico nacional <strong>Experiencia España en Floración </strong>(<a href="http://www.floracion.es/" target="_blank" rel="noopener"><u>www.floracion.es</u></a>), seleccionado por el Ministerio de Industria y Turismo como una de las experiencias más innovadoras del país.</p>
<p>También podrán conocer nuestra <strong>tienda de artesanías y Huerta Metro 0 </strong>enseñándoles cómo gestionamos el cultivo y los residuos en la Finca que nos ha permitido ser finalistas de los <a href="https://fincalafloracion.es/reconocen-a-finca-la-floracion-como-finalista-de-los-premios-fiturnext-2025-a-la-sostenibilidad-alimentaria-en-turismo/"><u>Premios de Sostenibilidad Alimentaria en Turismo en la pasada edición de FITUR.</u></a> En concreto, le explicaremos a pie de campo de la mano de un agricultor local como se hace la técnica de la poda tradicional para que los árboles den sus mejores frutos.</p>
<p>A continuación, acompañados de nuestro guía local, podrán visitar los diferentes parajes y miradores en los que la belleza de los colores de los frutales convierten el otoño en Cieza en un espectáculo único.</p>
<p><strong>Programa</strong>:</p>
<ul>
<li>11:00 horas: Salida desde Cieza (Estación de Servicio BP de Avenida de la Industria S/N)</li>
<li>15-12.00 horas: Almuerzo campero con degustación de la gastronomía local con embutidos y quesos caseros, olivas de Cieza, mermelada artesanal de la Finca de melocotón con pan casero, zumo natural y café tradicional de puchero.</li>
<li>00-12:30 horas: Demostración de técnica de poda de frutales con visita al Centro de Interpretación del Melocotón de Cieza y al Centro Itinerante de España en Floración.</li>
<li>12:30-14:00 horas: Visita a los mejores parajes y miradores para disfrutar de la belleza visual del Otoño en Cieza.</li>
</ul>
<p>*Incluye: Guía especializado . Almuerzo campero . Visita al Centro de Interpretación del Melocotón de Cieza y al Centro de Interpretación Itinerante España en Floración . Visita guiada a los parajes y miradores para disfrutar del otoño en Cieza . Regalo . Seguros.</p>
<p>&nbsp;</p>
<p><strong>Precio</strong>:</p>
<p>15 euros (12 euros para grupos de más de 15 personas) 7 euros (menores entre 10 y 7 años)</p>
<p>Gratis menores de 5 años</p>
<p>&nbsp;</p>
<p><strong>Información y reservas:</strong></p>
<p><strong> </strong>666500594 &#8211; 613666398</p>
<h4><strong>RESERVA TU PLAZA</strong></h4>
<p style="text-align: center;"><div class="wpforms-container wpforms-container-full wpforms-render-modern" id="wpforms-1581"><form id="wpforms-form-1581" class="wpforms-validate wpforms-form wpforms-ajax-form" data-formid="1581" method="post" enctype="multipart/form-data" action="/en/wp-json/wp/v2/tribe_events/1575" data-token="a81857dde016f0b66ac3e9bed701c993" data-token-time="1777711299"><noscript class="wpforms-error-noscript">Please enable JavaScript in your browser to complete this form.</noscript><div class="wpforms-hidden" id="wpforms-error-noscript">Please enable JavaScript in your browser to complete this form.</div><div class="wpforms-field-container"><div id="wpforms-1581-field_1-container" class="wpforms-field wpforms-field-name" data-field-id="1"><fieldset><legend class="wpforms-field-label">Nombre <span class="wpforms-required-label" aria-hidden="true">*</span></legend><div class="wpforms-field-row wpforms-field-medium"><div class="wpforms-field-row-block wpforms-first wpforms-one-half"><input type="text" id="wpforms-1581-field_1" class="wpforms-field-name-first wpforms-field-required" name="wpforms[fields][1][first]" aria-errormessage="wpforms-1581-field_1-error" required><label for="wpforms-1581-field_1" class="wpforms-field-sublabel after">First</label></div><div class="wpforms-field-row-block wpforms-one-half"><input type="text" id="wpforms-1581-field_1-last" class="wpforms-field-name-last wpforms-field-required" name="wpforms[fields][1][last]" aria-errormessage="wpforms-1581-field_1-last-error" required><label for="wpforms-1581-field_1-last" class="wpforms-field-sublabel after">Last</label></div></div></fieldset></div><div id="wpforms-1581-field_4-container" class="wpforms-field wpforms-field-select wpforms-field-select-style-classic" data-field-id="4"><label class="wpforms-field-label" for="wpforms-1581-field_4">Actividad <span class="wpforms-required-label" aria-hidden="true">*</span></label><select id="wpforms-1581-field_4" class="wpforms-field-medium wpforms-field-required" name="wpforms[fields][4]" required="required"><option value="Descubre el Otoño en Cieza" >Descubre el Otoño en Cieza</option><option value="Finca la Floración bajo las estrellas" >Finca la Floración bajo las estrellas</option><option value="Melocoturismo" >Melocoturismo</option><option value="Taller de Joyeria en arcilla polimerica" >Taller de Joyeria en arcilla polimerica</option></select></div><div id="wpforms-1581-field_2-container" class="wpforms-field wpforms-field-email" data-field-id="2"><label class="wpforms-field-label" for="wpforms-1581-field_2">Correo electrónico <span class="wpforms-required-label" aria-hidden="true">*</span></label><input type="email" id="wpforms-1581-field_2" class="wpforms-field-medium wpforms-field-required" name="wpforms[fields][2]" spellcheck="false" aria-errormessage="wpforms-1581-field_2-error" required></div><div id="wpforms-1581-field_3-container" class="wpforms-field wpforms-field-textarea" data-field-id="3"><label class="wpforms-field-label" for="wpforms-1581-field_3">Comentario o mensaje</label><textarea id="wpforms-1581-field_3" class="wpforms-field-medium" name="wpforms[fields][3]" aria-errormessage="wpforms-1581-field_3-error" ></textarea></div></div><!-- .wpforms-field-container --><div class="wpforms-submit-container" ><input type="hidden" name="wpforms[id]" value="1581"><input type="hidden" name="page_title" value=""><input type="hidden" name="page_url" value="https://fincalafloracion.es/en/wp-json/wp/v2/tribe_events/1575"><input type="hidden" name="url_referer" value=""><button type="submit" name="wpforms[submit]" id="wpforms-submit-1581" class="wpforms-submit" data-alt-text="Enviando..." data-submit-text="Enviar" aria-live="assertive" value="wpforms-submit">Enviar</button><img decoding="async" src="https://fincalafloracion.es/wp-content/plugins/wpforms-lite/assets/images/submit-spin.svg" class="wpforms-submit-spinner" style="display: none;" width="26" height="26" alt="Loading"></div></form></div>  <!-- .wpforms-container --></p>

<p>¿Listo para una experiencia auténtica en plena naturaleza? DEL 13 DE NOVIEMBRE AL 14 DE DICIEMBRE Puedes programar tu visita. Descubrir la belleza visual del Otoño en Cieza gracias a [&hellip;]</p>
